{"id":986,"date":"2015-11-30T11:34:55","date_gmt":"2015-11-30T11:34:55","guid":{"rendered":"http:\/\/motors.stylemixthemes.com\/demo\/?page_id=986"},"modified":"2020-07-14T18:09:25","modified_gmt":"2020-07-14T22:09:25","slug":"aviso-legal","status":"publish","type":"page","link":"https:\/\/www.camalmusalem.cl\/usados\/aviso-legal\/","title":{"rendered":"Aviso legal"},"content":{"rendered":"<p>[vc_row css=\u00bb.vc_custom_1448885303930{margin-top: 60px !important;}\u00bb][vc_column offset=\u00bbvc_col-lg-9&#8243;][vc_toggle title=\u00bbNOTAS LEGALES Y CONDICIONES\u00bb open=\u00bbtrue\u00bb el_id=\u00bb1448883155611-13bd3268-1e1e\u00bb]<\/p>\n<p style=\"text-align: justify;\">Lea esto con detenimiento. Al acceder, visitar y\/o utilizar el sitio www.camalmusalem.cl de Camal Musalem T. y Cia. Ltda. (En adelante \u00abCamal Musalem\u00bb), Ud. acepta estas condiciones sin limitaci\u00f3n y sin reservas. Por lo tanto, su acceso al sitio web de Camal Musalem queda sujeto a las siguientes condiciones as\u00ed como a las leyes aplicables en la materia.<\/p>\n<p>[\/vc_toggle][vc_toggle title=\u00bbContenido\u00bb el_id=\u00bb1448883771023-742811fc-c23d\u00bb]<\/p>\n<p style=\"text-align: justify;\">El sitio web www.camalmusalem.cl de Camal Musalem, contiene informaci\u00f3n relativa a los productos TOYOTA y DAIHATSU. Los productos TOYOTA y DAIHATSU descritos en este sitio web est\u00e1n disponibles a la venta en CHILE, \u00fanicamente a trav\u00e9s de la red de concesionarios oficiales TOYOTA\/DAIHATSU Toda la informaci\u00f3n incluida en este sitio web tiene fines exclusivamente informativos. Este sitio no debe ser usado o entendido como sustituto de la informaci\u00f3n que se le facilite en nuestro Concesionario oficial Camal Musalem TOYOTA\/DAIHATSU. La informaci\u00f3n contenida en este sitio no supone un compromiso por parte del fabricante, y no puede ser considerada como oferta de venta, ni tiene validez contractual. La informaci\u00f3n contenida aqu\u00ed ha sido dise\u00f1ada para ser lo m\u00e1s amplia posible. Sin embargo, Camal Musalem se reserva el derecho de realizar cambios en cualquier momento, sin previo aviso, en lo referente a los modelos, equipamiento, especificaciones y disponibilidades. Es por ello que se sugiere que verifique peri\u00f3dicamente la p\u00e1gina.<\/p>\n<p>[\/vc_toggle][vc_toggle title=\u00bbUtilizaci\u00f3n de tecnolog\u00eda \u00abcookie\u00ab\u00bb]<\/p>\n<p style=\"text-align: justify;\">TOYOTA\/DAIHATSU utiliza la tecnolog\u00eda \u00abcookie\u00bb para conocer los pasos seguidos por los visitantes al sitio www.toyota.cl de TOYOTA y www.daihatsu.cl de DAIHATSU, y de este modo ayudar a TOYOTA\/DAIHATSU a registrar la actividad de los usuarios del sitio web, y as\u00ed poder evaluar y mejorar el mismo haci\u00e9ndolo m\u00e1s \u00fatil para usted. Esta tecnolog\u00eda no registra informaci\u00f3n personalizada referente a sus diferentes visitantes, por lo que no se guardar\u00e1 o usar\u00e1 informaci\u00f3n sobre Usted en particular. Por favor, tome nota de que Ud. puede ajustar su navegador para no aceptar cookies o para avisarle en caso de que se env\u00eden cookies.<\/p>\n<p>[\/vc_toggle][vc_toggle title=\u00bbIngreso de datos personales\/de usuario\u00bb]<\/p>\n<p style=\"text-align: justify;\">La informaci\u00f3n personal que Ud. suministre voluntariamente a Camal Musalem por v\u00eda del sitio www.camalmusalem.cl podr\u00e1 ser utilizada por Camal Musalem para efectos de comunicaci\u00f3n comercial y\/o actividades de marketing, para mejorar los servicios de venta \/ posventa que le ofrece y para fines estad\u00edsticos.<\/p>\n<p style=\"text-align: justify;\">Camal Musalem ha tomado todas las medidas para asegurar la seguridad de la transmisi\u00f3n, ingreso y almacenamiento de los datos personales, de acuerdo con la naturaleza de los mismos.<\/p>\n<p style=\"text-align: justify;\">Puesto que Camal Musalem no tiene obligaci\u00f3n de monitorear y\/o revisar los datos enviados al www.camalmusalem.cl, por sus usuarios, no asume ning\u00fan tipo de responsabilidad sobre los mismos. Camal Musalem se reserva el derecho a revisar estas entradas cada cierto tiempo y retirarlas del sitio sin justificaci\u00f3n.<\/p>\n<p>[\/vc_toggle][vc_toggle title=\u00bbInformaci\u00f3n sobre Copyright, propiedad industrial e intelectual\u00bb el_id=\u00bb1448883776504-40e5b40f-8a4c\u00bb]<\/p>\n<p style=\"text-align: justify;\">La presentaci\u00f3n y todo el contenido de la p\u00e1gina www.camalmusalem.cl, est\u00e1n protegidos por derechos de propiedad intelectual e industrial y no podr\u00e1 ser utilizada en forma diferente a la forma aqu\u00ed indicada.<\/p>\n<p>[\/vc_toggle][vc_toggle title=\u00bbMarcas registradas\u00bb]<\/p>\n<p style=\"text-align: justify;\">Todas las marcas, logotipos y anagramas mostrados en esta p\u00e1gina www.camalmusalem.cl son propiedad de TOYOTA CHILE SA Y DAIHATSU CHILE SA. Se proh\u00edbe usarlos, bajarlos o descargarlos permanentemente, copiarlos o distribuirlos por cualquier medio sin el permiso escrito de TOYOTA CHILE SA Y DAIHATSU CHILE SA. El acceso y uso de este sitio no podr\u00e1 interpretarse como el otorgamiento de una licencia de uso, expresa o t\u00e1cita de dichas marcas.<\/p>\n<p>[\/vc_toggle][vc_toggle title=\u00bbHiperv\u00ednculos\u00bb]<\/p>\n<p style=\"text-align: justify;\">El sitio web www.camalmusalem.cl, pueden contener textos de hiperv\u00ednculo con otros sitios de Internet que sean completamente independientes de este. Camal Musalem no se hace responsable ni garantiza la precisi\u00f3n, amplitud o veracidad de la informaci\u00f3n contenida en ninguno de dichos hiperv\u00ednculos u otros sitios de Internet. El acceso a cualquiera de los sitios enlazados con el sitio de Camal Musalem, lo hace bajo su propia responsabilidad.<\/p>\n<p>[\/vc_toggle][vc_toggle title=\u00bbSin garant\u00eda de autenticidad o exactitud\u00bb]<\/p>\n<p style=\"text-align: justify;\">Camal Musalem realiz\u00f3 y realizar\u00e1 razonables esfuerzos para asegurarse que toda la informaci\u00f3n contenida en su sitio web es correcta. Sin embargo, su exactitud no puede ser garantizada, por lo que Camal Musalem no asume ninguna responsabilidad sobre la exactitud, entereza o autenticidad de la informaci\u00f3n contenida en este sitio. Este sitio y toda la informaci\u00f3n o materiales contenidos en el mismo, se le suministra \u00bb tal y como est\u00e1 \u00bb sin garant\u00eda de ning\u00fan tipo, bien sea expresa o impl\u00edcita. Los precios y caracter\u00edsticas publicados en este sitio web son de t\u00edtulo meramente INFORMATIVO, pueden cambiar sin previo aviso y no tienen ninguna validez contractual. Todos los precios deber\u00e1n ser confirmados en el concesionario al momento de realizar la compra.<\/p>\n<p>[\/vc_toggle][vc_toggle title=\u00bbL\u00edmite de responsabilidad\u00bb el_id=\u00bb1448883777671-add4b195-3bd8&#8243;]<\/p>\n<p style=\"text-align: justify;\">Camal Musalem, rechaza espec\u00edficamente cualquier responsabilidad sobre cualquier da\u00f1o directo, indirecto, accidental o especial de ning\u00fan tipo, relacionado con el acceso o uso del sitio www.camalmusalem.cl, incluyendo pero no limitando cualquier da\u00f1o o p\u00e9rdida causado por virus o malwares que afecten a su computadora o sistema de computaci\u00f3n, o la fiabilidad de la informaci\u00f3n obtenida a trav\u00e9s del sitio web de Camal Musalem.<\/p>\n<p style=\"text-align: justify;\">El uso que se haga de esta p\u00e1gina no podr\u00e1 ser interpretado como un contrato de sociedad, mandato o agencia o que, de alg\u00fan modo, genere alg\u00fan tipo de relaci\u00f3n entre Ud. y Camal Musalem.<\/p>\n<p>[\/vc_toggle][vc_toggle title=\u00bbPol\u00edtica de actualizaci\u00f3n\u00bb]<\/p>\n<p style=\"text-align: justify;\">Camal Musalem se reserva el derecho de actualizar esta pol\u00edtica en cualquier momento que las necesidades de la empresa lo requieran, por lo que Ud. es invitado a revisar estos t\u00e9rminos y condiciones cada vez que visite esta p\u00e1gina.<\/p>\n<p>[\/vc_toggle][\/vc_column][\/vc_row]<\/p>\n","protected":false},"excerpt":{"rendered":"<p>[vc_row css=\u00bb.vc_custom_1448885303930{margin-top: 60px !important;}\u00bb][vc_column offset=\u00bbvc_col-lg-9&#8243;][vc_toggle title=\u00bbNOTAS LEGALES Y CONDICIONES\u00bb open=\u00bbtrue\u00bb el_id=\u00bb1448883155611-13bd3268-1e1e\u00bb] Lea esto con detenimiento. Al acceder, visitar y\/o utilizar el sitio www.camalmusalem.cl de Camal Musalem T. y Cia. Ltda. (En adelante \u00abCamal Musalem\u00bb), Ud. acepta estas condiciones sin limitaci\u00f3n y sin reservas. Por lo tanto, su acceso al sitio web de Camal Musalem queda&#8230;<\/p>\n","protected":false},"author":1,"featured_media":0,"parent":0,"menu_order":0,"comment_status":"closed","ping_status":"closed","template":"","meta":{"footnotes":""},"class_list":["post-986","page","type-page","status-publish","hentry"],"_links":{"self":[{"href":"https:\/\/www.camalmusalem.cl\/usados\/wp-json\/wp\/v2\/pages\/986","targetHints":{"allow":["GET"]}}],"collection":[{"href":"https:\/\/www.camalmusalem.cl\/usados\/wp-json\/wp\/v2\/pages"}],"about":[{"href":"https:\/\/www.camalmusalem.cl\/usados\/wp-json\/wp\/v2\/types\/page"}],"author":[{"embeddable":true,"href":"https:\/\/www.camalmusalem.cl\/usados\/wp-json\/wp\/v2\/users\/1"}],"replies":[{"embeddable":true,"href":"https:\/\/www.camalmusalem.cl\/usados\/wp-json\/wp\/v2\/comments?post=986"}],"version-history":[{"count":6,"href":"https:\/\/www.camalmusalem.cl\/usados\/wp-json\/wp\/v2\/pages\/986\/revisions"}],"predecessor-version":[{"id":1860,"href":"https:\/\/www.camalmusalem.cl\/usados\/wp-json\/wp\/v2\/pages\/986\/revisions\/1860"}],"wp:attachment":[{"href":"https:\/\/www.camalmusalem.cl\/usados\/wp-json\/wp\/v2\/media?parent=986"}],"curies":[{"name":"wp","href":"https:\/\/api.w.org\/{rel}","templated":true}]}}